s digit of o(q)?
1
Suppose 0 = 4*z + 2 - 22. Suppose 0 = z*f + 5, 2*m = -6*f + 3*f + 285. What is the tens digit of m?
4
Let r(q) = -2*q - 4. Let l be r(18). Let g = l + 67. What is the units digit of g?
7
Suppose -12 = 5*r + 53. Let z be r/((4/(-3))/4). Suppose -5*k - z = -109. What is the units digit of k?
4
Let s = 20 + -26. Let j(l) = -7*l + 5. Let p(y) = -6*y + 4. Let d(m) = s*p(m) + 5*j(m). What is the units digit of d(7)?
8
Suppose -1 = -4*m + 11. Suppose -3*b + 0*t + 63 = -3*t, 45 = 3*b + m*t. What is the units digit of b?
8
Let d(r) = 20*r + 598. What is the hundreds digit of d(45)?
4
Suppose -12*w + 20*w = 8800. What is the hundreds digit of w?
1
Let s = 171 - -30. Suppose s + 44 = f. What is the hundreds digit of f?
2
Suppose l + 4*w + 30 = 0, l + 2*w - 20 = 3*l. Let m = l + 17. Suppose g = m + 11. What is the tens digit of g?
1
Let w(d) = -2*d - 3*d - 5 - 4 + 4*d. Let l be w(-6). What is the units digit of -42*((-10)/l)/(-5)?
8
Suppose -4*s - 3*r + 0*r = -2783, -697 = -s - r. What is the tens digit of s?
9
Suppose -2*y - q + 6236 = 0, 0*y - 4*y + 12472 = 3*q. What is the tens digit of y?
1
Let p(c) = -23*c + 77. What is the units digit of p(-28)?
1
Suppose 21281 = 20*z - 4959. What is the hundreds digit of z?
3
Suppose 7 = -2*c - 3. Let w(k) = 3*k**2 + 3*k - 6. Let d be w(c). Suppose 2*h = -0*h + d. What is the units digit of h?
7
What is the hundreds digit of -18*((-1012)/36)/11*15?
6
Let b = -19 + 23. What is the tens digit of b + (-4 - 0) - -25?
2
Let y(k) be the second derivative of -k**5/20 - k**4/3 - k**3/6 - 2*k**2 - 3*k. Let r be y(-4). Suppose 5*w - 104 + 14 = r. What is the tens digit of w?
1
Let z(y) = -14*y**2 + y - 3. Let k be z(-2). What is the units digit of (k + 3)/(-1 + -1)?
9
Suppose 4*z - 5*n + 7 = -0*n, -2 = -4*z + 2*n. Suppose 1 = z*a - 9. What is the units digit of (50 - -2) + a/(-5)?
1
Let t(o) = o**2 + 14*o + 18. Let m(l) = l**2 + 14*l + 11. Let x be m(-12). Let h be t(x). Let y(v) = v**2 + 3*v - 7. What is the tens digit of y(h)?
3
Let z(x) = x + 18. Let t(h) = -h + 1. Let l(m) = 3*t(m) - z(m). What is the tens digit of l(-10)?
2
Suppose 0 = 102*a - 101*a - 5*k - 1780, 5354 = 3*a - k. What is the hundreds digit of a?
7
Let y(s) be the second derivative of s**4/4 - s**3 + 2*s**2 + 2*s - 17. Let x = 0 - -4. What is the units digit of y(x)?
8
Let m(k) = -k**2 + 10*k - 10. Let a(d) = 3*d - 6. Let b be a(9). Let l = b + -14. What is the units digit of m(l)?
1
Let x(v) = -v + 1. Let d be x(-1). Suppose -d*q - 2 = 0, -3*j + q = 2*q - 47. Suppose j = 4*z - 24. What is the tens digit of z?
1
Let n(f) = -f**2 + f - 1. Let i(k) = -5*k**2 - 3. Let o(t) = -i(t) + 4*n(t). Let l = -42 - -35. What is the units digit of o(l)?
0
Let w = -91 - -93. Suppose 0*m + 428 = w*m. What is the hundreds digit of m?
2
Suppose -34*a - 26048 = -80040. What is the hundreds digit of a?
5
Let f(g) = g**3 - 27*g**2 + 58*g + 34. What is the hundreds digit of f(25)?
2
Let n be (-784)/96 + (-2)/(-12). What is the units digit of ((-26)/n)/(1/24)?
8
Let g = 926 + -625. What is the units digit of g?
1
Suppose -3*h + 4*h - b = 220, 0 = -2*h + 5*b + 449. What is the units digit of h?
7
Suppose 2*w + 4*s - 20 = 0, -5*w + 2*s = 4*s - 10. Suppose f - 4*g - 78 = -w*f, 3*f + 3*g - 174 = 0. What is the tens digit of f?
6
Suppose 25*l - 26*l = -6. Suppose -l = 2*h - 5*h. What is the units digit of h?
2
Let m be 1/4 + (-19)/76. Suppose 3*b - 4*x - 215 = m, 5*b - 4*x - 345 = -0*x. What is the tens digit of b?
6
Suppose 7244 = -22*m + 19344. What is the tens digit of m?
5
Let w = -7 - -2. Let v(u) = u**2 - u - 1. Let r(f) = -7*f + 3. Let i(y) = -r(y) + 2*v(y). What is the units digit of i(w)?
0
Let o be (-2)/3 + 22/33. Suppose -d - 2*d = o. What is the tens digit of d/1 + 34 + 2?
3
Suppose -31*m + 41300 + 72191 = 0. What is the thousands digit of m?
3
What is the units digit of (-7*4)/(118/(-413))?
8
Suppose i = 4*y - 1089, -3*y - 13*i + 12*i + 822 = 0. What is the hundreds digit of y?
2
Let z = -17 + 19. Suppose 0 = 2*l + 4*u - 2, l = -l + 3*u + 30. What is the units digit of (-562)/(-18) - z/l?
1
Let v = -6 - -4. What is the units digit of 74 - 2/v*-1?
3
Suppose 5*c = -4*q - 49, 0 = q + 4*c - 0 + 4. Let i be (-786)/8*q/6. Suppose 2*j + s - 129 = 0, 4*j - i = s + s. What is the tens digit of j?
6
Suppose -i - 3*i - 12 = 0. What is the hundreds digit of (i + (-484)/(-16))/((-4)/(-16))?
1
Suppose 2*g + v - 1276 = 0, -2*g = 4*v - 0*v - 1288. What is the units digit of g?
6
Suppose -v + 0*v + 3 = 0. Suppose v*j = -j - 24. What is the units digit of 2/j + (-208)/(-12)?
7
Let y(m) = -2*m + 38. Let d be y(12). Let o(g) = -g**2 + 21*g - 8. What is the tens digit of o(d)?
9
Let w = 35 - 34. Suppose -3*x - 9 = z, 5*x = 4*z + w - 50. What is the units digit of z?
6
Let t = 1 + 2. Suppose 0 = 3*x - 0 + t, 3*y = -5*x + 4. Suppose 2*v = y*b + v - 86, -3*b + 5*v = -82. What is the tens digit of b?
2
Suppose -5*k = -0*i + i - 4247, 0 = -3*k - 4*i + 2538. What is the hundreds digit of k?
8
Let n be (-30)/(-10) + (2 - -11916). What is the tens digit of (-4)/30 + n/195?
6
Let q(f) = 4*f**3 + 9*f**2 - 5*f - 7. Let m be q(-3). Let l = m - -224. What is the hundreds digit of l?
2
Let t be (28/7)/(3/6). Suppose 0 = -4*h + 4, 4*d - 4*h + 6*h + 10 = 0. Let j = t + d. What is the units digit of j?
5
Suppose 5*d - n + 8 = 0, 4*d + 2 + 14 = 4*n. What is the tens digit of ((-10)/20)/(d/266)?
3
Let l = -84 - -74. Let q = 61 + l. What is the tens digit of q?
5
Suppose i = 2*i - 11. Let f be (-2 + -2)*(-9 - 10). Let l = f - i. What is the units digit of l?
5
What is the tens digit of 76 - 10*((-6)/(-10) - 1)?
8
Let y(d) = -13*d - 29. Let f be y(-14). Suppose 0 = 3*o + n - 236, -n + f = 2*o + 4*n. What is the units digit of o?
9
Let d(l) = l**2 + 12*l + 31. Let q be d(-7). What is the tens digit of ((-33900)/32)/(-5) - q/32?
1
Suppose 21 = -5*o + 2*y - 7, -o + 16 = 5*y. What is the tens digit of (8040/(-25))/o - 2/5?
8
Let i = -81 - -59. Let q = -16 - i. What is the units digit of q?
6
Suppose 2*c + 1754 = -2*c + q, -2*c - 5*q = 888. Let k = -229 - c. What is the hundreds digit of k?
2
Suppose 0 = -n + 4*n - 12. Suppose -k + 7*x = n*x - 88, -183 = -2*k - x. What is the tens digit of k?
9
Let j be 6/(2*(-3)/(-4)). Suppose 3*c = 71 + 13. Suppose 2*l = 3*n + c, n - 2 = -j*l + 40. What is the units digit of l?
1
Let k(q) = q**2 + 11*q + 11. Let b be k(-10). Suppose -23 = -3*c + 5*o + 20, -c + b = o. What is the units digit of c?
6
Suppose -k = -5, -2*q - 4 = 4*k - 36. Let c = -3 - q. Let s = 14 + c. What is the units digit of s?
5
Suppose -11*z + 333 + 2186 = 0. Suppose 0 = y + 79 - z. What is the hundreds digit of y?
1
Let r(a) = -73*a + 10. Let w be r(-15). Suppose 51*u - w = 46*u. What is the hundreds digit of u?
2
Suppose -41 = 2*w - 731. What is the units digit of (-1)/(-2 - w/(-173))?
3
Let w = 129 + -219. Let h be 2/(-15) - 12/w. Suppose 0*n + n - 21 = h. What is the units digit of n?
1
Let n be (-3)/1*1 - -16. Suppose -n = -5*j + d, -2*j - 4*d - 16 = -4*j. What is the units digit of (2/j)/((-2)/(-46))?
3
Suppose 2034 = 3*v + 5*p, -4*v + 0*v + 4*p + 2712 = 0. What is the tens digit of v?
7
Suppose 0 = -211*b + 209*b + 328. What is the tens digit of b?
6
Suppose -100*y = -4*a - 99*y + 9723, -2*a = -5*y - 4857. What is the tens digit of a?
3
Let w = -169 + 233. What is the units digit of w?
4
Let m(t) = -4*t - 4. Let j be m(-3). Let x(o) = 2*o - 10. Let y be x(j). Let q(k) = k**3 - 8*k**2 + 13*k + 5. What is the units digit of q(y)?
1
Suppose -3*g = 12, t - 1126 = -t - g. What is the units digit of t?
5
Suppose -y + 2*o = -5, -2*y - 35 = 3*y + 2*o. Let c(q) = 5*q**2 + 2*q + 10. What is the hundreds digit of c(y)?
1
Suppose 4*q = -2*o - 4, o = -5*q - 15 + 1. Suppose o*z = 9*z - 5*w - 94, -4*w - 98 = -3*z. What is the tens digit of z?
3
Let y = 83 - -120. Let p = y - 593. What is the units digit of p/(-9)*(-12)/(-10)?
2
Let y = 48 + -36. Suppose -3*h + 17 = h + 3*t, 4*t = y. What is the units digit of h?
2
Let t be (-77)/22*(-1 - -15). Let v = t + 82. What is the tens digit of v?
3
Suppose -4*u - g = -4620, 50*g = -3*u + 53*g + 3450. What is the tens digit of u?
5
Let m be -7*(2190/35)/(-1). Suppose s = 2*d + 90, -6*s - 2*d + m = -s. What is the tens digit of s?
8
Suppose 17*i - 27608 = 